{"id":3595,"date":"2018-08-28T15:59:23","date_gmt":"2018-08-28T13:59:23","guid":{"rendered":"http:\/\/santacruzcf.es\/?page_id=3595"},"modified":"2018-08-28T16:22:28","modified_gmt":"2018-08-28T14:22:28","slug":"politica-de-cookies","status":"publish","type":"page","link":"https:\/\/santacruzcf.es\/?page_id=3595","title":{"rendered":"Pol\u00edtica de Cookies"},"content":{"rendered":"<div id=\"clickdatos\">\n<p>En la web <a href=\"https:\/\/santacruzcf.es\" target=\"_blank\" rel=\"nofollow noopener noreferrer\">www.santacruzcf.es<\/a> utilizamos cookies para facilitar la relaci\u00f3n de los visitantes con nuestro contenido y para permitir elaborar estad\u00edsticas sobre las visitantes que recibimos.<\/p>\n<p>En cumplimiento de la Directiva 2009\/136\/CE, desarrollada en nuestro ordenamiento por el apartado segundo del art\u00edculo 22 de la Ley de Servicios de Sociedad de la Informaci\u00f3n, siguiendo las directrices de la Agencia Espa\u00f1ola de Protecci\u00f3n de Datos, procedemos a informarle detalladamente del uso que se realiza en nuestra web.<\/p>\n<p>Se denominan cookies a unos peque\u00f1os archivos que se graban en el navegador utilizado por cada visitante de nuestra web para que el servidor pueda recordar la visita de ese usuario con posterioridad cuando vuelva a acceder a nuestros contenidos. Esta informaci\u00f3n no revela su identidad, ni dato personal alguno, ni accede al contenido almacenado en su pc, pero s\u00ed que permite a nuestro sistema identificarle a usted como un usuario determinado que ya visit\u00f3 la web con anterioridad, visualiz\u00f3 determinadas p\u00e1ginas, etc. y adem\u00e1s permite guardar sus preferencias personales e informaci\u00f3n t\u00e9cnica como por ejemplo las visitas realizadas o p\u00e1ginas concretas que visite.<\/p>\n<p>La finalidad de las cookies es la de facilitar al Usuario un acceso m\u00e1s r\u00e1pido a los Servicios seleccionados.<\/p>\n<p>Si no desea que se guarden cookies en su navegador o prefiere recibir una informaci\u00f3n cada vez que una cookie solicite instalarse, puede configurar sus opciones de navegaci\u00f3n para que se haga de esa forma. La mayor parte de los navegadores permiten la gesti\u00f3n de las cookies de 3 formas diferentes:<\/p>\n<ul>\n<li>Las cookies son siempre rechazadas;<\/li>\n<li>El navegador pregunta si el usuario desea instalar cada cookie;<\/li>\n<li>Las cookies son siempre aceptadas;<\/li>\n<\/ul>\n<p>Su navegador tambi\u00e9n puede incluir la posibilidad de seleccionar con detalle las cookies que desea que se instalen en su ordenador. En concreto, el usuario puede normalmente aceptar alguna de las siguientes opciones:<\/p>\n<ul>\n<li>rechazar las cookies de determinados dominios;<\/li>\n<li>rechazar las cookies de terceros;<\/li>\n<li>aceptar cookies como no persistentes (se eliminan cuando el navegador se cierra);<\/li>\n<li>permitir al servidor crear cookies para un dominio diferente.<\/li>\n<\/ul>\n<h2>Cookies utilizadas en este sitio web<\/h2>\n<p>Siguiendo las directrices de la Agencia Espa\u00f1ola de Protecci\u00f3n de Datos procedemos a detallar el uso de <em>cookies<\/em> que hace esta web con el fin de informarle con la m\u00e1xima exactitud posible.<\/p>\n<p>Este sitio web utiliza las siguientes <strong>cookies propias:<\/strong><\/p>\n<table class=\"table\">\n<thead>\n<tr>\n<th>NOMBRE<\/th>\n<th>ORIGEN<\/th>\n<th>DURACI\u00d3N<\/th>\n<th>FUNCI\u00d3N DE LA COOKIE<\/th>\n<\/tr>\n<\/thead>\n<tbody>\n<tr>\n<td data-label=\"Nombre\">wp-settings-1<\/td>\n<td data-label=\"Origen\">WordPress<\/td>\n<td data-label=\"Duracion\">30 minutos<\/td>\n<td data-label=\"Function\">Esta cookie se utiliza para personalizar la Interfaz de Usuario.<\/td>\n<\/tr>\n<tr>\n<td data-label=\"Nombre\">wp-settings-time-1<\/td>\n<td data-label=\"Origen\">WordPress<\/td>\n<td data-label=\"Duracion\">30 minutos<\/td>\n<td data-label=\"Function\">Esta cookie se utiliza para personalizar la Interfaz de Usuario.<\/td>\n<\/tr>\n<tr>\n<td data-label=\"Nombre\">wordpress_logged_in_<\/td>\n<td data-label=\"Origen\">WordPress<\/td>\n<td data-label=\"Duracion\">30 minutos<\/td>\n<td data-label=\"Function\">Esta cookie se utiliza para saber si est\u00e1s autentificado mientras navegas entre las p\u00e1ginas.<\/td>\n<\/tr>\n<tr>\n<td data-label=\"Nombre\">cdp-cookies-plugin-wp<\/td>\n<td data-label=\"Origen\">WordPress<\/td>\n<td data-label=\"Duracion\">1 a\u00f1o<\/td>\n<td data-label=\"Function\">Esta cookie determina si se debe o no mostrar el mensaje de informaci\u00f3n sobre el uso de cookies de la web.<\/td>\n<\/tr>\n<\/tbody>\n<\/table>\n<p>Este sitio web utiliza <strong>cookies de terceros<\/strong>, en concreto de Google Analytics, una herramienta que nos ayuda a medir c\u00f3mo interact\u00faan los usuarios en nuestro portal. Cuando un usuario navega por nuestra p\u00e1gina web, Google Analytics proporciona etiquetas JavaScript (bibliotecas) para registrar la informaci\u00f3n sobre la p\u00e1gina que ha visto; por ejemplo, la URL de la p\u00e1gina. La informaci\u00f3n relativa al uso de este sitio web que genera la cookie se transfiere a un servidor de Google en los EE.UU., donde se almacena. Google utilizar\u00e1 esta informaci\u00f3n para tres prop\u00f3sitos: evaluar el uso del sitio web, compilar informes sobre las actividades del website, y ofrecer otros servicios relacionados con el uso del sitio web e Internet. Al utilizar este sitio web est\u00e1 consintiendo el tratamiento de informaci\u00f3n acerca de usted por Google. Por tanto, el ejercicio de cualquier derecho en este sentido deber\u00e1 hacerlo comunicando directamente con Google.<\/p>\n<p>Las cookies utilizadas por Google Analytics para control estad\u00edstico de accesos son:<\/p>\n<table class=\"table\">\n<thead>\n<tr>\n<th>NOMBRE<\/th>\n<th>ORIGEN<\/th>\n<th>DURACI\u00d3N<\/th>\n<th>FUNCI\u00d3N DE LA COOKIE<\/th>\n<\/tr>\n<\/thead>\n<tbody>\n<tr>\n<td data-label=\"Nombre\">-utma<\/td>\n<td data-label=\"Origen\">Google Analytics<\/td>\n<td data-label=\"Duracion\">2 a\u00f1os<\/td>\n<td data-label=\"Function\">Es el identificador de visitantes y guarda informaci\u00f3n relativa a la sesi\u00f3n.<\/td>\n<\/tr>\n<tr>\n<td data-label=\"Nombre\">-utmb<\/td>\n<td data-label=\"Origen\">Google Analytics<\/td>\n<td data-label=\"Duracion\">30 minutos<\/td>\n<td data-label=\"Function\">Se utiliza para conocer el tiempo que pasa el usuario en nuestra p\u00e1gina web y el n\u00famero de p\u00e1ginas que visita.<\/td>\n<\/tr>\n<tr>\n<td data-label=\"Nombre\">-utmc<\/td>\n<td data-label=\"Origen\">Google Analytics<\/td>\n<td data-label=\"Duracion\">Al cerrar navegador<\/td>\n<td data-label=\"Function\">Esta cookie se utiliza de forma conjunta con _utmb para determinar si se establece una nueva sesi\u00f3n para el usuario.<\/td>\n<\/tr>\n<tr>\n<td data-label=\"Nombre\">-utmz<\/td>\n<td data-label=\"Origen\">Google Analytics<\/td>\n<td data-label=\"Duracion\">6 meses<\/td>\n<td data-label=\"Function\">Esta cookie se utiliza para realizar la atribuci\u00f3n de la visita, es decir, desde d\u00f3nde y c\u00f3mo ha llegado el usuario a nuestra web.<\/td>\n<\/tr>\n<tr>\n<td data-label=\"Nombre\">-ga<\/td>\n<td data-label=\"Origen\">Google Analytics<\/td>\n<td data-label=\"Duracion\">2 a\u00f1os<\/td>\n<td data-label=\"Function\">Esta cookie se utiliza para para distinguir a los usuarios.<\/td>\n<\/tr>\n<tr>\n<td data-label=\"Nombre\">-gid<\/td>\n<td data-label=\"Origen\">Google Analytics<\/td>\n<td data-label=\"Duracion\">24 horas<\/td>\n<td data-label=\"Function\">Esta cookie se utiliza para para distinguir a los usuarios.<\/td>\n<\/tr>\n<tr>\n<td data-label=\"Nombre\">-gat<\/td>\n<td data-label=\"Origen\">Google Analytics<\/td>\n<td data-label=\"Duracion\">1 minuto<\/td>\n<td data-label=\"Function\">Esta cookie se utiliza para limitar el porcentaje de solicitudes.<\/td>\n<\/tr>\n<tr>\n<td data-label=\"Nombre\">-gali<\/td>\n<td data-label=\"Origen\">Google Analytics<\/td>\n<td data-label=\"Duracion\">30 segundos<\/td>\n<td data-label=\"Function\">Esta cookie se utiliza para especificar el pa\u00eds del usuario.<\/td>\n<\/tr>\n<\/tbody>\n<\/table>\n<h2>Desactivaci\u00f3n o eliminaci\u00f3n de cookies<\/h2>\n<p>En cualquier momento podr\u00e1 ejercer su derecho de desactivaci\u00f3n o eliminaci\u00f3n de cookies de este sitio web. Estas acciones se realizan de forma diferente en funci\u00f3n del navegador que est\u00e9 usando. <a href=\"https:\/\/santacruzcf.es\/?page_id=3604\" target=\"_blank\" rel=\"noopener\">Aqu\u00ed le dejamos una gu\u00eda r\u00e1pida para los navegadores m\u00e1s populares<\/a>.<\/p>\n<h2>Notas adicionales<\/h2>\n<ul>\n<li>Ni esta web ni sus representantes legales se hacen responsables ni del contenido ni de la veracidad de las pol\u00edticas de privacidad que puedan tener los terceros mencionados en esta pol\u00edtica de <em>cookies<\/em>.<\/li>\n<li>Los navegadores web son las herramientas encargadas de almacenar las <em>cookies<\/em> y desde este lugar debe efectuar su derecho a eliminaci\u00f3n o desactivaci\u00f3n de las mismas. Ni esta web ni sus representantes legales pueden garantizar la correcta o incorrecta manipulaci\u00f3n de las <em>cookies<\/em> por parte de los mencionados navegadores.<\/li>\n<li>En algunos casos es necesario instalar <em>cookies<\/em> para que el navegador no olvide su decisi\u00f3n de no aceptaci\u00f3n de las mismas.<\/li>\n<li>En el caso de las <em>cookies<\/em> de Google Analytics, esta empresa almacena las <em>cookies<\/em> en servidores ubicados en Estados Unidos y se compromete a no compartirla con terceros, excepto en los casos en los que sea necesario para el funcionamiento del sistema o cuando la ley obligue a tal efecto. Seg\u00fan Google no guarda su direcci\u00f3n IP. Google Inc. es una compa\u00f1\u00eda adherida al Acuerdo de Puerto Seguro que garantiza que todos los datos transferidos ser\u00e1n tratados con un nivel de protecci\u00f3n acorde a la normativa europea. Puede consultar informaci\u00f3n detallada a este respecto <a href=\"http:\/\/safeharbor.export.gov\/companyinfo.aspx?id=16626\" target=\"_blank\" rel=\"noopener\">en este enlace<\/a>. Si desea informaci\u00f3n sobre el uso que Google da a las cookies <a href=\"https:\/\/developers.google.com\/analytics\/devguides\/collection\/analyticsjs\/cookie-usage?hl=es&amp;csw=1\" target=\"_blank\" rel=\"noopener\">le adjuntamos este otro enlace<\/a>.<\/li>\n<li>Para cualquier duda o consulta acerca de esta pol\u00edtica de <em>cookies<\/em> no dude en comunicarse con nosotros a trav\u00e9s de la secci\u00f3n de contacto.<\/li>\n<\/ul>\n<p>Se puede modificar esta Pol\u00edtica de Cookies en funci\u00f3n de exigencias legislativas, reglamentarias, o con la finalidad de adaptar dicha pol\u00edtica a las instrucciones dictadas por la Agencia Espa\u00f1ola de Protecci\u00f3n de Datos, por ello se aconseja a los Usuarios que la visiten peri\u00f3dicamente.<\/p>\n<p>Cuando se produzcan cambios significativos en esta Pol\u00edtica de Cookies, se comunicar\u00e1n a los Usuarios bien mediante la web o a trav\u00e9s de correo electr\u00f3nico a los Usuarios registrados.<\/p>\n<\/div>\n","protected":false},"excerpt":{"rendered":"<p>En la web www.santacruzcf.es utilizamos cookies para facilitar la relaci\u00f3n de los visitantes con nuestro contenido y para permitir elaborar [&hellip;]<\/p>\n","protected":false},"author":1,"featured_media":0,"parent":0,"menu_order":0,"comment_status":"closed","ping_status":"closed","template":"","meta":{"footnotes":""},"_links":{"self":[{"href":"https:\/\/santacruzcf.es\/index.php?rest_route=\/wp\/v2\/pages\/3595"}],"collection":[{"href":"https:\/\/santacruzcf.es\/index.php?rest_route=\/wp\/v2\/pages"}],"about":[{"href":"https:\/\/santacruzcf.es\/index.php?rest_route=\/wp\/v2\/types\/page"}],"author":[{"embeddable":true,"href":"https:\/\/santacruzcf.es\/index.php?rest_route=\/wp\/v2\/users\/1"}],"replies":[{"embeddable":true,"href":"https:\/\/santacruzcf.es\/index.php?rest_route=%2Fwp%2Fv2%2Fcomments&post=3595"}],"version-history":[{"count":4,"href":"https:\/\/santacruzcf.es\/index.php?rest_route=\/wp\/v2\/pages\/3595\/revisions"}],"predecessor-version":[{"id":3609,"href":"https:\/\/santacruzcf.es\/index.php?rest_route=\/wp\/v2\/pages\/3595\/revisions\/3609"}],"wp:attachment":[{"href":"https:\/\/santacruzcf.es\/index.php?rest_route=%2Fwp%2Fv2%2Fmedia&parent=3595"}],"curies":[{"name":"wp","href":"https:\/\/api.w.org\/{rel}","templated":true}]}}