{"id":968,"date":"2013-04-24T14:55:57","date_gmt":"2013-04-24T12:55:57","guid":{"rendered":"http:\/\/santacruzcf.es\/?page_id=968"},"modified":"2013-04-26T11:52:34","modified_gmt":"2013-04-26T09:52:34","slug":"himno-del-santa","status":"publish","type":"page","link":"https:\/\/santacruzcf.es\/?page_id=968","title":{"rendered":"Himno del Santa"},"content":{"rendered":"<h3 style=\"text-align: center;\"><\/h3>\n<h3 style=\"text-align: center;\"><strong>HIMNO DEL SANTA CRUZ C.F.<\/strong><\/h3>\n<p style=\"text-align: center;\"><a href=\"https:\/\/santacruzcf.es\/wp-content\/uploads\/2012\/09\/escudo_patrocinadores.png\"><img loading=\"lazy\" decoding=\"async\" class=\"alignnone size-full wp-image-141\" title=\"Escudo Santa Cruz C.F.\" src=\"https:\/\/santacruzcf.es\/wp-content\/uploads\/2012\/09\/escudo_patrocinadores.png\" alt=\"\" width=\"111\" height=\"109\" \/><\/a><\/p>\n<p style=\"text-align: center;\">Recuerdo cuando \u00e9ramos dos<br \/>\ny luego \u00e9ramos cinco<br \/>\nahora somos un mont\u00f3n<br \/>\ny nos falta la afici\u00f3n<\/p>\n<p style=\"text-align: center;\">chuuuuuurri churri pichi chuuuurri<br \/>\nchuuuuurri pichi churri ra<br \/>\nchuuuuuurri chuuuurri pichi chuuuurri<br \/>\nchuuuuurri chuuuurri ra ra ra<\/p>\n<p style=\"text-align: center;\">Nuestro lema es la unidad<br \/>\ny permanecer unidos<br \/>\nsi ganamos el partido<br \/>\nhumillamos al rival<\/p>\n<p style=\"text-align: center;\">chuuuuuurri churri pichi chuuuurri<br \/>\nchuuuuurri pichi churri ra<br \/>\nchuuuuuurri chuuuurri pichi chuuuurri<br \/>\nchuuuuurri chuuuurri ra ra ra<\/p>\n<p style=\"text-align: center;\">Y, \u00bfpor qu\u00e9 no?<br \/>\nPorque no voy a quererte, si formas parte de mi.<br \/>\nPorque no voy a quererte,<br \/>\nsi en tu seno yo crec\u00ed.<br \/>\nTu formas parte de mi historia,<br \/>\ny yo la formo de tu,<br \/>\nUuua, aauu, Santa, Santa Cruuuuuz<br \/>\nChurri churri pichi churri, RA!<br \/>\nChurri churri pichi churri, RA!<br \/>\nChurri churri pichi churri, RA RA RA!<\/p>\n","protected":false},"excerpt":{"rendered":"<p>HIMNO DEL SANTA CRUZ C.F. Recuerdo cuando \u00e9ramos dos y luego \u00e9ramos cinco ahora somos un mont\u00f3n y nos falta [&hellip;]<\/p>\n","protected":false},"author":1,"featured_media":0,"parent":0,"menu_order":0,"comment_status":"open","ping_status":"open","template":"","meta":{"footnotes":""},"_links":{"self":[{"href":"https:\/\/santacruzcf.es\/index.php?rest_route=\/wp\/v2\/pages\/968"}],"collection":[{"href":"https:\/\/santacruzcf.es\/index.php?rest_route=\/wp\/v2\/pages"}],"about":[{"href":"https:\/\/santacruzcf.es\/index.php?rest_route=\/wp\/v2\/types\/page"}],"author":[{"embeddable":true,"href":"https:\/\/santacruzcf.es\/index.php?rest_route=\/wp\/v2\/users\/1"}],"replies":[{"embeddable":true,"href":"https:\/\/santacruzcf.es\/index.php?rest_route=%2Fwp%2Fv2%2Fcomments&post=968"}],"version-history":[{"count":13,"href":"https:\/\/santacruzcf.es\/index.php?rest_route=\/wp\/v2\/pages\/968\/revisions"}],"predecessor-version":[{"id":971,"href":"https:\/\/santacruzcf.es\/index.php?rest_route=\/wp\/v2\/pages\/968\/revisions\/971"}],"wp:attachment":[{"href":"https:\/\/santacruzcf.es\/index.php?rest_route=%2Fwp%2Fv2%2Fmedia&parent=968"}],"curies":[{"name":"wp","href":"https:\/\/api.w.org\/{rel}","templated":true}]}}